What is the tens digit of c?
5
Suppose -z = 0, -8*z + 5*z - 1 = -f. Let b(r) = 2 + 34*r**2 - 2*r + 2 - 3. What is the units digit of b(f)?
3
Let t(z) = 2*z**3 + 50*z**2 - 25*z + 32. Let h be 6/(-4)*(-3600)/(-216). What is the units digit of t(h)?
7
Let n(g) = 3*g**3 - 35*g**2 - 31*g + 4. Let p(k) = -2*k**3 + 23*k**2 + 21*k - 3. Let o(f) = -5*n(f) - 7*p(f). What is the hundreds digit of o(8)?
4
Suppose -7*i = -2100 + 378. Suppose -2*n + 0*n = -i. Let v = n - 89. What is the units digit of v?
4
What is the thousands digit of (2643/2)/((-675)/(-19350))?
7
Let f be 2/(-2 - 8) - 222/15. Let j = f + 10. What is the units digit of j/2*((-519)/15 - 3)?
4
Suppose -3*c = 3*g - 3, -c - 5*g = -2*c + 13. Suppose -s = c*s + 12. Let f(w) = 8*w**2 - w + 4. What is the tens digit of f(s)?
7
Suppose -m = -4*o + 72991, 2*o - 36520 = 59*m - 55*m. What is the tens digit of o?
4
What is the thousands digit of (1 - 30362/(-4)) + 21 + 273/(-14)?
7
Let h(w) = w**2 - 13*w - 23. Suppose 2*u - 8 = 0, -4*q - 6*u + 4*u - 48 = 0. What is the units digit of h(q)?
5
Let n be 4*(75/(-6))/5. Let k = 161 + n. What is the tens digit of k?
5
Suppose -53*r = -44*r + 1377. Let i = r + 419. What is the tens digit of i?
6
Let h = -26 - -30. Suppose -2*z - 2*d + 0*d = -4, 3*d = 4*z - 8. Suppose 3*x = i + 130, -z*x + 3*i - 72 = -h*x. What is the units digit of x?
2
Let c(n) = -5*n**3 - 2*n**2 + 1. Let h be c(-1). Suppose 2*l = -h*t + 1628, -6*t = -3*l - 4*t + 2458. What is the hundreds digit of l?
8
What is the units digit of (-72)/(-15)*1570/3?
2
Let u(a) = a**2 + 21*a - 20. Let n be u(-21). What is the units digit of (-3 - n/6)*-43*-6?
6
Let q = -10258 + 75550. What is the hundreds digit of q?
2
Let p = 392 - 222. Suppose 182 = -4*r + 194. What is the tens digit of p/r*(-3 - 45/(-10))?
8
Let t = 169 + -166. What is the hundreds digit of (373 - (6 - 9)) + t?
3
Let d(a) = -121*a**3 - 4*a**2 - 42*a - 86. What is the units digit of d(-4)?
2
Let q(b) = -14*b + 46. Let c be q(-33). Let a = 469 + c. What is the hundreds digit of a?
9
Let z = 74 - -1921. Suppose 2*d = 5*x - 1598, -4*x - 707 + z = -4*d. What is the hundreds digit of x?
3
Let r(v) be the second derivative of -193*v**3/2 + 33*v**2/2 - v + 37. What is the units digit of r(-2)?
1
Let j(h) = 2154*h**2 - 524*h - 2065. What is the hundreds digit of j(-4)?
4
Let h(d) = -d**3 + 13*d**2 - 11*d + 30. Let j be h(11). Let k = 489 - j. What is the tens digit of k?
3
Suppose 6 - 19 = -3*d + g, -17 = -3*d + 2*g. Suppose -2*c = d + 5. What is the units digit of -2 - ((c - 63) + 3)?
2
Let x = -628 + 578. What is the tens digit of (x/4)/(29/(-174))?
7
Let n be 5 - 2/1 - 3. Suppose n = -6*g + 1681 - 259. What is the tens digit of g?
3
Let w(l) = l**2 + 222*l + 74. What is the hundreds digit of w(24)?
9
Let o = -23 + 26. Suppose -o*v + 2*s = -626, 0 = -4*v + 3*s + 385 + 449. Suppose -14*z + v = -11*z. What is the units digit of z?
0
Let n = 8889 + -5179. What is the units digit of n?
0
Suppose -c + 34534 = 5*z, 3*c = -2*c - 5. What is the tens digit of z?
0
Let r = -177332 + 256363. What is the units digit of r?
1
Let b = -127 + 125. Let c(q) = -6*q**3 - 2*q**2 - 3*q - 4. What is the tens digit of c(b)?
4
Let o(a) = a**3 + 5*a**2 + 3*a. Let p be o(-3). Suppose -9*m = -12*m + p. Suppose -m*i + 942 = 180. What is the hundreds digit of i?
2
Let k be 1/3*0/(-13). Suppose 4*n - w - 3067 = k, 1531 = -4*n + 6*n - w. What is the hundreds digit of n?
7
Suppose -337*l - 496920 = -367*l. What is the units digit of l?
4
Suppose -33*l - 235*l + 7766230 = -142. What is the tens digit of l?
7
Let o(k) = 83*k + 69. Let m be o(-8). Let s = -317 - m. What is the hundreds digit of s?
2
Let x = 2458 + -628. Suppose x = -0*b + 5*b. What is the hundreds digit of b?
3
Suppose 0 = -25*m + 26*m - 1167. Suppose 0 = 3*a - 5*j + 3, -2*j - 4 = -3*a + 2. What is the units digit of (-1)/(a - m/291)?
7
Let a = -3652 + 6960. What is the units digit of a?
8
Let t = -49 + 49. Suppose g + 3 = -3*q, t*q + 2*q + 2 = 0. What is the units digit of (2 - g)/(3/147)?
8
Suppose 0 = -12*n + 34975 + 11093. What is the units digit of n?
9
Suppose 12*n + 110 = 17*n. Suppose 7 = 3*i + n. Let y(h) = h**2 + 5*h + 8. What is the units digit of y(i)?
8
Let v be ((-99)/(-15))/(-1) - (-80)/(-200). What is the hundreds digit of (-210)/60*838/v?
4
Let w = -381 - -586. Let b = 395 + w. Suppose 4*p - b = -2*p. What is the hundreds digit of p?
1
Suppose -2*b - 16 = 4*a, 2*a - 6*a = -3*b + 26. Let o be (b - (-48)/(-9))/((-2)/6). What is the units digit of (-42)/70 + (346/o - 0)?
4
Let b = -204 - -207. What is the hundreds digit of (-921)/(-9) - b/9?
1
What is the units digit of (-414)/(-24)*-6*-1*4?
4
Suppose 160446 = 18*p + 16*p. Suppose 0 = -6*d + 891 + p. What is the units digit of d?
5
Let t(u) = -u**3 + 9*u**2 + 5*u + 16. Let k be t(8). Suppose -5*w + k = q - 44, 2*q - 296 = -2*w. Let o = -6 + q. What is the units digit of o?
8
Let o be 1/2 - (-1)/(-4)*-138. Let d = 36 - o. What is the units digit of 143/26*(d - -1)?
1
Suppose 0 = -512*f + 856393 + 2548407. What is the hundreds digit of f?
6
Let w(q) be the second derivative of -q**4/6 + 12*q**3 + 4*q**2 - q + 22. What is the hundreds digit of w(31)?
3
Let a = 181067 - 123350. What is the thousands digit of a?
7
Let h = -4921 - -10098. What is the thousands digit of h?
5
Suppose -256 = 3*r - 271. What is the units digit of 407 - ((-6)/r - 2/(-10))?
8
What is the hundreds digit of 120376/36 - -3 - (736/(-72) + 10)?
3
Suppose 2*b - 10975 = 5*h, -21896 = -5*b - 2*h + 5469. What is the tens digit of b?
7
Let f = -176 - -175. What is the tens digit of (f + -42)/((-3)/60)?
6
Let r(f) = 0*f**2 + 2*f**2 - 2*f**2 - 1 - 5*f**2. Let x be r(-1). What is the units digit of 2/x + (-140)/(-42)?
3
Suppose -203034 = 10*k - 210828 - 663146. What is the tens digit of k?
9
Let u(x) = -33*x + 124. Let y = 180 + -192. What is the units digit of u(y)?
0
Let p(t) = -2*t**2 + 13*t + 48. Let k be p(9). Suppose -f = -k*n - 557 + 1790, -2*n + 839 = 5*f. What is the tens digit of n?
1
Let n(k) = -k**3 + 37*k**2 + 101*k - 157. What is the hundreds digit of n(37)?
5
Let l(o) = -18*o**3 - o + 67. What is the thousands digit of l(-7)?
6
Suppose -4*k - 5*h + 8 = 0, -5*k + 12 - 2 = h. Suppose 0 = -5*y - 4*l + 2659 - 849, k*y - 4*l = 752. What is the hundreds digit of y?
3
Let f(s) = 23*s - s**3 + 1 - 16*s + 6*s**2 - 2*s**2 + 21. Let k(q) = -q**3 + 3*q**2 - 4*q + 7. Let m be k(3). What is the hundreds digit of f(m)?
2
Let i = 114040 + -64336. What is the tens digit of i?
0
Suppose -117*v - 46523 = -64678 - 590830. What is the hundreds digit of v?
2
Let g = 718 + -690. What is the tens digit of 7/g*4 + 533?
3
Suppose 0 = -2*b + b + 1. Let d be (-1 - b)/(34/17). What is the tens digit of 2/d - (-43 + -2)?
4
Let t be 2178/(-8) - 7/(-28). Let n = t + 476. What is the units digit of n?
4
Let x(s) = -3*s**2 + 9 - s - 15 + s**3 + 12*s**2. Let n be x(-9). Suppose 6*f = -n*f + 351. What is the units digit of f?
9
Let q(h) be the first derivative of 7*h**3/3 - h**2 + 2*h + 1. Suppose 0 = 5*l - r + 16, 42*l + 32 = 39*l - 5*r. What is the units digit of q(l)?
2
Let i = -49091 - -69982. What is the units digit of i?
1
Let b be (-2 + 5)/(10/(-8) + 2). Suppose b*x - 9*x = 80. What is the tens digit of 6*(-82)/x*4 - -3?
2
Let d(g) = g**3 + 9*g**2 - 9*g + 16. Let p be d(-10). Let f(c) = -7*c + 3*c - p*c**3 + 70*c**2 - 75*c**2 - 6*c**3. What is the units digit of f(-2)?
4
Let a(b) = -b**2 - 5*b + 31. Let o be a(-8). Suppose 0 = -27*k + o*k + 7040. What is the tens digit of k?
5
Let v(a) = 21*a - 17. Let y be v(-6). Let s = y - -600. What is the hundreds digit of s?
4
Let z(k) = -10*k + 14. Let q be z(21). Let j = q + 306. Let o = j + -72. What is the units digit of o?
8
Let k = 711 + -501. Let n = k + 230. What is the units digit of n?
0
What is the thousands digit of (-590640)/(-70) + (20/(-28) - -1)?
8
Let t = -2562 + 3709. Let g = t + -388. What is the hundreds digit of g?
7
Let h be 2/3*705/10. Let u = h - 4. Let g = u - -20. What is the units digit of g?
3
Let h = 76349 - 38662. What is the ten thousands digit of h?
3
Suppose -2*n = 12, 0 = -856*h + 855*h - 4*n + 81233. What is the units digit of h?
7
Let z(m) = 2517*m**2 + 108*m - 1. What is the thousands digit of z(2)?
0
Let i(f) = -14*f**3 + 